{"id":3293,"date":"2022-07-22T09:09:35","date_gmt":"2022-07-22T09:09:35","guid":{"rendered":"https:\/\/mywebsitesdemo.com\/VA\/afosfoundation\/wer-wir-sind\/"},"modified":"2025-10-24T20:17:20","modified_gmt":"2025-10-24T20:17:20","slug":"wer-wir-sind","status":"publish","type":"page","link":"https:\/\/afos-stiftung.de\/de\/ueber-uns\/wer-wir-sind\/","title":{"rendered":"Wer wir sind"},"content":{"rendered":"\n<div class=\"wp-container-2 wp-block-columns\">\n<div class=\"wp-container-1 wp-block-column\" style=\"flex-basis:100%\">\n<h2>Die AFOS-Stiftung<\/h2>\n\n\n\n<p>Die AFOS-Stiftung f\u00f6rdert seit \u00fcber 20 Jahren unternehmerische Entwicklungszusammenarbeit in Afrika, Asien und Lateinamerika.&nbsp;<\/p>\n\n\n\n<p>Unsere Wurzeln reichen zur\u00fcck in die 1990er Jahre, als engagierte Unternehmer des Bundes Katholischer Unternehmer (BKU) die <strong>Initiative \u201eAfrika Fonds f\u00fcr Selbst\u00e4ndigkeit\u201c (AFOS) <\/strong>gr\u00fcndeten. Ziel war es, Kleinst- und Kleinunternehmen besseren <strong>Zugang zu Finanzierung und M\u00e4rkten<\/strong> zu erm\u00f6glichen \u2013 als Grundlage f\u00fcr wirtschaftliche und soziale Entwicklung. Die Initiative setzte sich auf politischer Ebene f\u00fcr <strong>Mikrofinanzangebote <\/strong>in der Entwicklungszusammenarbeit ein. Die Erleichterung des Zugangs zu Kleinkrediten sowie bessere gesetzliche Rahmenbedingungen f\u00fcr privatwirtschaftliche Mikrofinanzinvestitionen waren damit unsere ersten Arbeitsschwerpunkte.&nbsp;<\/p>\n\n\n\n<p>Seit der <strong>offiziellen Gr\u00fcndung als Stiftung im Jahr 2003<\/strong> unterst\u00fctzen wir Kleinunternehmen und f\u00f6rdern vor allem die berufliche Qualifizierung junger Menschen, insbesondere von Frauen. Unser Fokus liegt auf nachhaltigem Wirtschaften, der Schaffung stabiler Arbeitspl\u00e4tze und der Bew\u00e4ltigung globaler Herausforderungen wie Klimawandel und Fluchtursachen.&nbsp;<\/p>\n\n\n\n<p>Finanziert durch \u00f6ffentliche Zusch\u00fcsse und private Spenden, arbeiten wir eng mit bew\u00e4hrten Partnern wie sequa und dem Bundesministerium f\u00fcr wirtschaftliche Zusammenarbeit und Entwicklung (BMZ) zusammen.&nbsp;<\/p>\n<\/div>\n<\/div>\n\n\n\n<div class=\"wp-container-3 wp-block-group alignwide\"><div class=\"wp-block-group__inner-container\"><div class=\"wp-block-image\">\n<figure class=\"aligncenter size-full\"><img loading=\"lazy\" width=\"1366\" height=\"768\" src=\"https:\/\/afos-stiftung.de\/wp-content\/uploads\/2025\/10\/ofa.jpg\" alt=\"\" class=\"wp-image-7158\" srcset=\"https:\/\/afos-stiftung.de\/wp-content\/uploads\/2025\/10\/ofa.jpg 1366w, https:\/\/afos-stiftung.de\/wp-content\/uploads\/2025\/10\/ofa-360x202.jpg 360w, https:\/\/afos-stiftung.de\/wp-content\/uploads\/2025\/10\/ofa-1024x576.jpg 1024w, https:\/\/afos-stiftung.de\/wp-content\/uploads\/2025\/10\/ofa-768x432.jpg 768w\" sizes=\"(max-width: 1366px) 100vw, 1366px\" \/><\/figure><\/div><\/div><\/div>\n","protected":false},"excerpt":{"rendered":"<p>Die AFOS-Stiftung Die AFOS-Stiftung f\u00f6rdert seit \u00fcber 20 Jahren unternehmerische Entwicklungszusammenarbeit in Afrika, Asien und Lateinamerika.&nbsp; Unsere Wurzeln reichen zur\u00fcck in die 1990er Jahre, als engagierte Unternehmer des Bundes Katholischer Unternehmer (BKU) die Initiative \u201eAfrika Fonds f\u00fcr Selbst\u00e4ndigkeit\u201c (AFOS) gr\u00fcndeten. Ziel war es, Kleinst- und Kleinunternehmen besseren Zugang zu Finanzierung und M\u00e4rkten zu erm\u00f6glichen \u2013 [&hellip;]<\/p>\n","protected":false},"author":4,"featured_media":0,"parent":3798,"menu_order":0,"comment_status":"closed","ping_status":"closed","template":"who-we-are-page-template.php","meta":[],"acf":[],"yoast_head":"<!-- This site is optimized with the Yoast SEO plugin v19.5.1 - https:\/\/yoast.com\/wordpress\/plugins\/seo\/ -->\n<title>Die AFOS-Stiftung - Wer wir sind<\/title>\n<meta name=\"description\" content=\"Die AFOS-Stiftung f\u00f6rdert seit mehr als 20 Jahren nachhaltige Ausbildung &amp; Besch\u00e4ftigung durch unternehmerische Entwicklungszusammenarbeit.\" \/>\n<meta name=\"robots\" content=\"index, follow, max-snippet:-1, max-image-preview:large, max-video-preview:-1\" \/>\n<link rel=\"canonical\" href=\"https:\/\/afos-stiftung.de\/de\/ueber-uns\/wer-wir-sind\/\" \/>\n<meta property=\"og:locale\" content=\"de_DE\" \/>\n<meta property=\"og:type\" content=\"article\" \/>\n<meta property=\"og:title\" content=\"Die AFOS-Stiftung - Wer wir sind\" \/>\n<meta property=\"og:description\" content=\"Die AFOS-Stiftung f\u00f6rdert seit mehr als 20 Jahren nachhaltige Ausbildung &amp; Besch\u00e4ftigung durch unternehmerische Entwicklungszusammenarbeit.\" \/>\n<meta property=\"og:url\" content=\"https:\/\/afos-stiftung.de\/de\/ueber-uns\/wer-wir-sind\/\" \/>\n<meta property=\"og:site_name\" content=\"Afosfoundation\" \/>\n<meta property=\"article:modified_time\" content=\"2025-10-24T20:17:20+00:00\" \/>\n<meta property=\"og:image\" content=\"https:\/\/afos-stiftung.de\/wp-content\/uploads\/2025\/10\/ofa.jpg\" \/>\n<meta name=\"twitter:card\" content=\"summary_large_image\" \/>\n<meta name=\"twitter:label1\" content=\"Gesch\u00e4tzte Lesezeit\" \/>\n\t<meta name=\"twitter:data1\" content=\"2 Minuten\" \/>\n<script type=\"application\/ld+json\" class=\"yoast-schema-graph\">{\"@context\":\"https:\/\/schema.org\",\"@graph\":[{\"@type\":\"WebPage\",\"@id\":\"https:\/\/afos-stiftung.de\/de\/ueber-uns\/wer-wir-sind\/\",\"url\":\"https:\/\/afos-stiftung.de\/de\/ueber-uns\/wer-wir-sind\/\",\"name\":\"Die AFOS-Stiftung - Wer wir sind\",\"isPartOf\":{\"@id\":\"https:\/\/afos-stiftung.de\/de\/#website\"},\"datePublished\":\"2022-07-22T09:09:35+00:00\",\"dateModified\":\"2025-10-24T20:17:20+00:00\",\"description\":\"Die AFOS-Stiftung f\u00f6rdert seit mehr als 20 Jahren nachhaltige Ausbildung & Besch\u00e4ftigung durch unternehmerische Entwicklungszusammenarbeit.\",\"breadcrumb\":{\"@id\":\"https:\/\/afos-stiftung.de\/de\/ueber-uns\/wer-wir-sind\/#breadcrumb\"},\"inLanguage\":\"de-DE\",\"potentialAction\":[{\"@type\":\"ReadAction\",\"target\":[\"https:\/\/afos-stiftung.de\/de\/ueber-uns\/wer-wir-sind\/\"]}]},{\"@type\":\"BreadcrumbList\",\"@id\":\"https:\/\/afos-stiftung.de\/de\/ueber-uns\/wer-wir-sind\/#breadcrumb\",\"itemListElement\":[{\"@type\":\"ListItem\",\"position\":1,\"name\":\"Home\",\"item\":\"https:\/\/afos-stiftung.de\/de\/\"},{\"@type\":\"ListItem\",\"position\":2,\"name\":\"\u00dcber uns\",\"item\":\"https:\/\/afos-stiftung.de\/de\/ueber-uns\/\"},{\"@type\":\"ListItem\",\"position\":3,\"name\":\"Wer wir sind\"}]},{\"@type\":\"WebSite\",\"@id\":\"https:\/\/afos-stiftung.de\/de\/#website\",\"url\":\"https:\/\/afos-stiftung.de\/de\/\",\"name\":\"Afosfoundation\",\"description\":\"Afosfoundation\",\"publisher\":{\"@id\":\"https:\/\/afos-stiftung.de\/de\/#organization\"},\"potentialAction\":[{\"@type\":\"SearchAction\",\"target\":{\"@type\":\"EntryPoint\",\"urlTemplate\":\"https:\/\/afos-stiftung.de\/de\/?s={search_term_string}\"},\"query-input\":\"required name=search_term_string\"}],\"inLanguage\":\"de-DE\"},{\"@type\":\"Organization\",\"@id\":\"https:\/\/afos-stiftung.de\/de\/#organization\",\"name\":\"Afosfoundation\",\"url\":\"https:\/\/afos-stiftung.de\/de\/\",\"sameAs\":[],\"logo\":{\"@type\":\"ImageObject\",\"inLanguage\":\"de-DE\",\"@id\":\"https:\/\/afos-stiftung.de\/de\/#\/schema\/logo\/image\/\",\"url\":\"https:\/\/afos-stiftung.de\/wp-content\/uploads\/2023\/02\/cropped-Logo-AFOS-Website-1-1.png\",\"contentUrl\":\"https:\/\/afos-stiftung.de\/wp-content\/uploads\/2023\/02\/cropped-Logo-AFOS-Website-1-1.png\",\"width\":300,\"height\":217,\"caption\":\"Afosfoundation\"},\"image\":{\"@id\":\"https:\/\/afos-stiftung.de\/de\/#\/schema\/logo\/image\/\"}}]}<\/script>\n<!-- \/ Yoast SEO plugin. -->","yoast_head_json":{"title":"Die AFOS-Stiftung - Wer wir sind","description":"Die AFOS-Stiftung f\u00f6rdert seit mehr als 20 Jahren nachhaltige Ausbildung & Besch\u00e4ftigung durch unternehmerische Entwicklungszusammenarbeit.","robots":{"index":"index","follow":"follow","max-snippet":"max-snippet:-1","max-image-preview":"max-image-preview:large","max-video-preview":"max-video-preview:-1"},"canonical":"https:\/\/afos-stiftung.de\/de\/ueber-uns\/wer-wir-sind\/","og_locale":"de_DE","og_type":"article","og_title":"Die AFOS-Stiftung - Wer wir sind","og_description":"Die AFOS-Stiftung f\u00f6rdert seit mehr als 20 Jahren nachhaltige Ausbildung & Besch\u00e4ftigung durch unternehmerische Entwicklungszusammenarbeit.","og_url":"https:\/\/afos-stiftung.de\/de\/ueber-uns\/wer-wir-sind\/","og_site_name":"Afosfoundation","article_modified_time":"2025-10-24T20:17:20+00:00","og_image":[{"url":"https:\/\/afos-stiftung.de\/wp-content\/uploads\/2025\/10\/ofa.jpg"}],"twitter_card":"summary_large_image","twitter_misc":{"Gesch\u00e4tzte Lesezeit":"2 Minuten"},"schema":{"@context":"https:\/\/schema.org","@graph":[{"@type":"WebPage","@id":"https:\/\/afos-stiftung.de\/de\/ueber-uns\/wer-wir-sind\/","url":"https:\/\/afos-stiftung.de\/de\/ueber-uns\/wer-wir-sind\/","name":"Die AFOS-Stiftung - Wer wir sind","isPartOf":{"@id":"https:\/\/afos-stiftung.de\/de\/#website"},"datePublished":"2022-07-22T09:09:35+00:00","dateModified":"2025-10-24T20:17:20+00:00","description":"Die AFOS-Stiftung f\u00f6rdert seit mehr als 20 Jahren nachhaltige Ausbildung & Besch\u00e4ftigung durch unternehmerische Entwicklungszusammenarbeit.","breadcrumb":{"@id":"https:\/\/afos-stiftung.de\/de\/ueber-uns\/wer-wir-sind\/#breadcrumb"},"inLanguage":"de-DE","potentialAction":[{"@type":"ReadAction","target":["https:\/\/afos-stiftung.de\/de\/ueber-uns\/wer-wir-sind\/"]}]},{"@type":"BreadcrumbList","@id":"https:\/\/afos-stiftung.de\/de\/ueber-uns\/wer-wir-sind\/#breadcrumb","itemListElement":[{"@type":"ListItem","position":1,"name":"Home","item":"https:\/\/afos-stiftung.de\/de\/"},{"@type":"ListItem","position":2,"name":"\u00dcber uns","item":"https:\/\/afos-stiftung.de\/de\/ueber-uns\/"},{"@type":"ListItem","position":3,"name":"Wer wir sind"}]},{"@type":"WebSite","@id":"https:\/\/afos-stiftung.de\/de\/#website","url":"https:\/\/afos-stiftung.de\/de\/","name":"Afosfoundation","description":"Afosfoundation","publisher":{"@id":"https:\/\/afos-stiftung.de\/de\/#organization"},"potentialAction":[{"@type":"SearchAction","target":{"@type":"EntryPoint","urlTemplate":"https:\/\/afos-stiftung.de\/de\/?s={search_term_string}"},"query-input":"required name=search_term_string"}],"inLanguage":"de-DE"},{"@type":"Organization","@id":"https:\/\/afos-stiftung.de\/de\/#organization","name":"Afosfoundation","url":"https:\/\/afos-stiftung.de\/de\/","sameAs":[],"logo":{"@type":"ImageObject","inLanguage":"de-DE","@id":"https:\/\/afos-stiftung.de\/de\/#\/schema\/logo\/image\/","url":"https:\/\/afos-stiftung.de\/wp-content\/uploads\/2023\/02\/cropped-Logo-AFOS-Website-1-1.png","contentUrl":"https:\/\/afos-stiftung.de\/wp-content\/uploads\/2023\/02\/cropped-Logo-AFOS-Website-1-1.png","width":300,"height":217,"caption":"Afosfoundation"},"image":{"@id":"https:\/\/afos-stiftung.de\/de\/#\/schema\/logo\/image\/"}}]}},"_links":{"self":[{"href":"https:\/\/afos-stiftung.de\/de\/wp-json\/wp\/v2\/pages\/3293"}],"collection":[{"href":"https:\/\/afos-stiftung.de\/de\/wp-json\/wp\/v2\/pages"}],"about":[{"href":"https:\/\/afos-stiftung.de\/de\/wp-json\/wp\/v2\/types\/page"}],"author":[{"embeddable":true,"href":"https:\/\/afos-stiftung.de\/de\/wp-json\/wp\/v2\/users\/4"}],"replies":[{"embeddable":true,"href":"https:\/\/afos-stiftung.de\/de\/wp-json\/wp\/v2\/comments?post=3293"}],"version-history":[{"count":4,"href":"https:\/\/afos-stiftung.de\/de\/wp-json\/wp\/v2\/pages\/3293\/revisions"}],"predecessor-version":[{"id":7198,"href":"https:\/\/afos-stiftung.de\/de\/wp-json\/wp\/v2\/pages\/3293\/revisions\/7198"}],"up":[{"embeddable":true,"href":"https:\/\/afos-stiftung.de\/de\/wp-json\/wp\/v2\/pages\/3798"}],"wp:attachment":[{"href":"https:\/\/afos-stiftung.de\/de\/wp-json\/wp\/v2\/media?parent=3293"}],"curies":[{"name":"wp","href":"https:\/\/api.w.org\/{rel}","templated":true}]}}

<div class="wp-container-2 wp-block-columns">
<div class="wp-container-1 wp-block-column" style="flex-basis:100%">
<h2>Die AFOS-Stiftung</h2>



<p>Die AFOS-Stiftung fördert seit über 20 Jahren unternehmerische Entwicklungszusammenarbeit in Afrika, Asien und Lateinamerika.&nbsp;</p>



<p>Unsere Wurzeln reichen zurück in die 1990er Jahre, als engagierte Unternehmer des Bundes Katholischer Unternehmer (BKU) die <strong>Initiative „Afrika Fonds für Selbständigkeit“ (AFOS) </strong>gründeten. Ziel war es, Kleinst- und Kleinunternehmen besseren <strong>Zugang zu Finanzierung und Märkten</strong> zu ermöglichen – als Grundlage für wirtschaftliche und soziale Entwicklung. Die Initiative setzte sich auf politischer Ebene für <strong>Mikrofinanzangebote </strong>in der Entwicklungszusammenarbeit ein. Die Erleichterung des Zugangs zu Kleinkrediten sowie bessere gesetzliche Rahmenbedingungen für privatwirtschaftliche Mikrofinanzinvestitionen waren damit unsere ersten Arbeitsschwerpunkte.&nbsp;</p>



<p>Seit der <strong>offiziellen Gründung als Stiftung im Jahr 2003</strong> unterstützen wir Kleinunternehmen und fördern vor allem die berufliche Qualifizierung junger Menschen, insbesondere von Frauen. Unser Fokus liegt auf nachhaltigem Wirtschaften, der Schaffung stabiler Arbeitsplätze und der Bewältigung globaler Herausforderungen wie Klimawandel und Fluchtursachen.&nbsp;</p>



<p>Finanziert durch öffentliche Zuschüsse und private Spenden, arbeiten wir eng mit bewährten Partnern wie sequa und dem Bundesministerium für wirtschaftliche Zusammenarbeit und Entwicklung (BMZ) zusammen.&nbsp;</p>
</div>
</div>



<div class="wp-container-3 wp-block-group alignwide"><div class="wp-block-group__inner-container"><div class="wp-block-image">
<figure class="aligncenter size-full"><img loading="lazy" width="1366" height="768" src="https://afos-stiftung.de/wp-content/uploads/2025/10/ofa.jpg" alt="" class="wp-image-7158" srcset="https://afos-stiftung.de/wp-content/uploads/2025/10/ofa.jpg 1366w, https://afos-stiftung.de/wp-content/uploads/2025/10/ofa-360x202.jpg 360w, https://afos-stiftung.de/wp-content/uploads/2025/10/ofa-1024x576.jpg 1024w, https://afos-stiftung.de/wp-content/uploads/2025/10/ofa-768x432.jpg 768w" sizes="(max-width: 1366px) 100vw, 1366px" /></figure></div></div></div>

<p>Die AFOS-Stiftung Die AFOS-Stiftung fördert seit über 20 Jahren unternehmerische Entwicklungszusammenarbeit in Afrika, Asien und Lateinamerika.&nbsp; Unsere Wurzeln reichen zurück in die 1990er Jahre, als engagierte Unternehmer des Bundes Katholischer Unternehmer (BKU) die Initiative „Afrika Fonds für Selbständigkeit“ (AFOS) gründeten. Ziel war es, Kleinst- und Kleinunternehmen besseren Zugang zu Finanzierung und Märkten zu ermöglichen – [&hellip;]</p>

<!-- This site is optimized with the Yoast SEO plugin v19.5.1 - https://yoast.com/wordpress/plugins/seo/ -->
<title>Die AFOS-Stiftung - Wer wir sind</title>
<meta name="description" content="Die AFOS-Stiftung fördert seit mehr als 20 Jahren nachhaltige Ausbildung &amp; Beschäftigung durch unternehmerische Entwicklungszusammenarbeit." />
<meta name="robots" content="index, follow, max-snippet:-1, max-image-preview:large, max-video-preview:-1" />
<link rel="canonical" href="https://afos-stiftung.de/de/ueber-uns/wer-wir-sind/" />
<meta property="og:locale" content="de_DE" />
<meta property="og:type" content="article" />
<meta property="og:title" content="Die AFOS-Stiftung - Wer wir sind" />
<meta property="og:description" content="Die AFOS-Stiftung fördert seit mehr als 20 Jahren nachhaltige Ausbildung &amp; Beschäftigung durch unternehmerische Entwicklungszusammenarbeit." />
<meta property="og:url" content="https://afos-stiftung.de/de/ueber-uns/wer-wir-sind/" />
<meta property="og:site_name" content="Afosfoundation" />
<meta property="article:modified_time" content="2025-10-24T20:17:20+00:00" />
<meta property="og:image" content="https://afos-stiftung.de/wp-content/uploads/2025/10/ofa.jpg" />
<meta name="twitter:card" content="summary_large_image" />
<meta name="twitter:label1" content="Geschätzte Lesezeit" />
	<meta name="twitter:data1" content="2 Minuten" />
<script type="application/ld+json" class="yoast-schema-graph">{"@context":"https://schema.org","@graph":[{"@type":"WebPage","@id":"https://afos-stiftung.de/de/ueber-uns/wer-wir-sind/","url":"https://afos-stiftung.de/de/ueber-uns/wer-wir-sind/","name":"Die AFOS-Stiftung - Wer wir sind","isPartOf":{"@id":"https://afos-stiftung.de/de/#website"},"datePublished":"2022-07-22T09:09:35+00:00","dateModified":"2025-10-24T20:17:20+00:00","description":"Die AFOS-Stiftung fördert seit mehr als 20 Jahren nachhaltige Ausbildung & Beschäftigung durch unternehmerische Entwicklungszusammenarbeit.","breadcrumb":{"@id":"https://afos-stiftung.de/de/ueber-uns/wer-wir-sind/#breadcrumb"},"inLanguage":"de-DE","potentialAction":[{"@type":"ReadAction","target":["https://afos-stiftung.de/de/ueber-uns/wer-wir-sind/"]}]},{"@type":"BreadcrumbList","@id":"https://afos-stiftung.de/de/ueber-uns/wer-wir-sind/#breadcrumb","itemListElement":[{"@type":"ListItem","position":1,"name":"Home","item":"https://afos-stiftung.de/de/"},{"@type":"ListItem","position":2,"name":"Über uns","item":"https://afos-stiftung.de/de/ueber-uns/"},{"@type":"ListItem","position":3,"name":"Wer wir sind"}]},{"@type":"WebSite","@id":"https://afos-stiftung.de/de/#website","url":"https://afos-stiftung.de/de/","name":"Afosfoundation","description":"Afosfoundation","publisher":{"@id":"https://afos-stiftung.de/de/#organization"},"potentialAction":[{"@type":"SearchAction","target":{"@type":"EntryPoint","urlTemplate":"https://afos-stiftung.de/de/?s={search_term_string}"},"query-input":"required name=search_term_string"}],"inLanguage":"de-DE"},{"@type":"Organization","@id":"https://afos-stiftung.de/de/#organization","name":"Afosfoundation","url":"https://afos-stiftung.de/de/","sameAs":[],"logo":{"@type":"ImageObject","inLanguage":"de-DE","@id":"https://afos-stiftung.de/de/#/schema/logo/image/","url":"https://afos-stiftung.de/wp-content/uploads/2023/02/cropped-Logo-AFOS-Website-1-1.png","contentUrl":"https://afos-stiftung.de/wp-content/uploads/2023/02/cropped-Logo-AFOS-Website-1-1.png","width":300,"height":217,"caption":"Afosfoundation"},"image":{"@id":"https://afos-stiftung.de/de/#/schema/logo/image/"}}]}</script>
<!-- / Yoast SEO plugin. -->

Die AFOS-Stiftung fördert seit mehr als 20 Jahren nachhaltige Ausbildung & Beschäftigung durch unternehmerische Entwicklungszusammenarbeit.

Über uns
